 20281.
17, 1193
What are the prime factors of 1896?
2, 3, 79
List the prime factors of 3048.
2, 3, 127
List the prime factors of 33461.
33461
What are the prime factors of 8922?
2, 3, 1487
List the prime factors of 22666.
2, 7, 1619
What are the prime factors of 8126?
2, 17, 239
What are the prime factors of 10624?
2, 83
What are the prime factors of 597?
3, 199
What are the prime factors of 128650?
2, 5, 31, 83
What are the prime factors of 22063?
22063
What are the prime factors of 6974?
2, 11, 317
What are the prime factors of 81467?
41, 1987
List the prime factors of 1989.
3, 13, 17
What are the prime factors of 54030?
2, 3, 5, 1801
List the prime factors of 54774.
2, 3, 17, 179
List the prime factors of 15567.
3, 5189
What are the prime factors of 109604?
2, 11, 47, 53
What are the prime factors of 8620?
2, 5, 431
What are the prime factors of 2832?
2, 3, 59
List the prime factors of 233.
233
List the prime factors of 5798.
2, 13, 223
What are the prime factors of 30920?
2, 5, 773
List the prime factors of 18613.
7, 2659
What are the prime factors of 64046?
2, 31, 1033
What are the prime factors of 106320?
2, 3, 5, 443
List the prime factors of 4221.
3, 7, 67
What are the prime factors of 1619?
1619
List the prime factors of 69703.
43, 1621
What are the prime factors of 212?
2, 53
What are the prime factors of 1659?
3, 7, 79
List the prime factors of 3142.
2, 1571
What are the prime factors of 6367?
6367
List the prime factors of 2149.
7, 307
List the prime factors of 5382.
2, 3, 13, 23
What are the prime factors of 34176?
2, 3, 89
List the prime factors of 58200.
2, 3, 5, 97
List the prime factors of 19548.
2, 3, 181
What are the prime factors of 97257?
3, 17, 1907
What are the prime factors of 20870?
2, 5, 2087
What are the prime factors of 876?
2, 3, 73
What are the prime factors of 13609?
31, 439
What are the prime factors of 644?
2, 7, 23
What are the prime factors of 9351?
3, 1039
What are the prime factors of 1717?
17, 101
List the prime factors of 61669.
83, 743
List the prime factors of 12735.
3, 5, 283
List the prime factors of 3449.
3449
List the prime factors of 410.
2, 5, 41
List the prime factors of 708.
2, 3, 59
List the prime factors of 10707.
3, 43, 83
List the prime factors of 106820.
2, 5, 7, 109
List the prime factors of 48698.
2, 13, 1873
List the prime factors of 6253.
13, 37
List the prime factors of 20028.
2, 3, 1669
List the prime factors of 1212.
2, 3, 101
What are the prime factors of 43439?
11, 359
List the prime factors of 5388.
2, 3, 449
List the prime factors of 889.
7, 127
What are the prime factors of 3143?
7, 449
List the prime factors of 1978.
2, 23, 43
List the prime factors of 1434.
2, 3, 239
What are the prime factors of 1384?
2, 173
What are the prime factors of 8946?
2, 3, 7, 71
List the prime factors of 12271.
7, 1753
List the prime factors of 16788.
2, 3, 1399
What are the prime factors of 67459?
7, 23, 419
What are the prime factors of 6299?
6299
What are the prime factors of 661?
661
What are the prime factors of 79006?
2, 39503
What are the prime factors of 5799?
3, 1933
List the prime factors of 7302.
2, 3, 1217
What are the prime factors of 9417?
3, 43, 73
List the prime factors of 6333.
3, 2111
What are the prime factors of 20895?
3, 5, 7, 199
What are the prime factors of 33001?
61, 541
What are the prime factors of 1102?
2, 19, 29
What are the prime factors of 472?
2, 59
What are the prime factors of 18822?
2, 3, 3137
What are the prime factors of 41634?
2, 3, 257
What are the prime factors of 4429?
43, 103
List the prime factors of 10912.
2, 11, 31
What are the prime factors of 36568?
2, 7, 653
List the prime factors of 3031.
7, 433
What are the prime factors of 1988?
2, 7, 71
List the prime factors of 2061.
3, 229
What are the prime factors of 4573?
17, 269
What are the prime factors of 9735?
3, 5, 11, 59
List the prime factors of 575.
5, 23
What are the prime factors of 87308?
2, 13, 23, 73
What are the prime factors of 21833?
7, 3119
What are the prime factors of 13184?
2, 103
List the prime factors of 143.
11, 13
What are the prime factors of 28299?
3, 9433
What are the prime factors of 5007?
3, 1669
List the prime factors of 39631.
39631
What are the prime factors of 65882?
2, 32941
What are the prime factors of 31254?
2, 3, 5209
What are the prime factors of 21318?
2, 3, 11, 17, 19
List the prime factors of 3826.
2, 1913
What are the prime factors of 12480?
2, 3, 5, 13
List the prime factors of 33096.
2, 3, 7, 197
List the prime factors of 59925.
3, 5, 17, 47
What are the prime factors of 8801?
13, 677
List the prime factors of 11442.
2, 3, 1907
What are the prime factors of 1353?
3, 11, 41
What are the prime factors of 97?
97
List the prime factors of 1722.
2, 3, 7, 41
List the prime factors of 221.
13, 17
List the prime factors of 6616.
2, 827
List the prime factors of 59354.
2, 59, 503
List the prime factors of 424.
2, 53
List the prime factors of 23028.
2, 3, 19, 101
What are the prime factors of 3827?
43, 89
What are the prime factors of 20189?
13, 1553
What are the prime factors of 6035?
5, 17, 71
What are the prime factors of 786?
2, 3, 131
What are the prime factors of 19356?
2, 3, 1613
What are the prime factors of 78913?
23, 47, 73
List the prime factors of 6695.
5, 13, 103
List the prime factors of 5346.
2, 3, 11
What are the prime factors of 76529?
103, 743
List the prime factors of 18378.
2, 3, 1021
List the prime factors of 10790.
2, 5, 13, 83
What are the prime factors of 5491?
17, 19
List the prime factors of 623.
7, 89
What are the prime factors of 105237?
3, 11, 1063
What are the prime factors of 27165?
3, 5, 1811
What are the prime factors of 1285?
5, 257
What are the prime factors of 1870?
2, 5, 11, 17
What are the prime factors of 1577?
19, 83
List the prime factors of 1012.
2, 11, 23
What are the prime factors of 35872?
2, 19, 59
List the prime factors of 8981.
7, 1283
What are the prime factors of 1609?
1609
What are the prime factors of 9573?
3, 3191
List the prime factors of 36177.
3, 31, 389
List the prime factors of 11347.
7, 1621
List the prime factors of 863.
863
List the prime factors of 1269.
3, 47
List the prime factors of 6589.
11, 599
List the prime factors of 6770.
2, 5, 677
What are the prime factors of 49909?
29, 1721
What are the prime factors of 860?
2, 5, 43
List the prime factors of 2938.
2, 13, 113
What are the prime factors of 16275?
3, 5, 7, 31
List the prime factors of 5792.
2, 181
List the prime factors of 451.
11, 41
List the prime factors of 83275.
5, 3331
List the prime factors of 1550.
2, 5, 31
What are the prime factors of 4885?
5, 977
List the prime factors of 8900.
2, 5, 89
What are the prime factors of 4326?
2, 3, 7, 103
What are the prime factors of 4443?
3, 1481
List the prime factors of 3955.
5, 7, 113
List the prime factors of 16407.
3, 1823
List the prime factors of 7386.
2, 3, 1231
What are the prime factors of 64754?
2, 32377
What are the prime factors of 649?
11, 59
What are the prime factors of 840?
2, 3, 5, 7
List the prime factors of 79001.
13, 59, 103
List the prime factors of 5392.
2, 337
What are the prime factors of 4072?
2, 509
What are the prime factors of 61783?
31, 1993
What are the prime factors of 1189?
29, 41
List the prime factors of 28.
2, 7
List the prime factors of 1574.
2, 787
What are the prime factors of 2440?
2, 5, 61
List the prime factors of 119952.
2, 3, 7, 17
What are the prime factors of 10215?
3, 5, 227
What are the prime factors of 6509?
23, 283
List the prime factors of 58672.
2, 19, 193
List the prime factors of 3363.
3, 19, 59
What are the prime factors of 18?
2, 3
What are the prime factors of 13943?
73, 191
What are the prime factors of 1414?
2, 7, 101
List the prime factors of 61403.
61403
What are the prime factors of 3614?
2, 13, 139
List the prime factors of 732.
2, 3, 61
What are the prime factors of 4124?
2, 1031
List the prime factors of 619.
619
List the prime factors of 5879.
5879
List the prime factors of 8389.
8389
List the prime factors of 1837.
11, 167
What are the prime factors of 41012?
2, 10253
List the prime factors of 52295.
5, 10459
List the prime factors of 1599.
3, 13, 41
What are the prime factors of 147679?
7, 17, 73
List the prime factors of 55995.
3, 5, 3733